uppose 46*j - 88*j = -388710. What is the tens digit of j?
5
Suppose -13*b - n = -16*b + 196, 3*b - 2*n = 200. Let f = 18 + b. What is the tens digit of f?
8
Let f(k) be the third derivative of -11*k**4/4 + 57*k**3/2 + 168*k**2. What is the units digit of f(-9)?
5
Let c be 0 + (-1 + 0)*(6 - 7). Let z(h) be the first derivative of 47*h**4/2 - h**3/3 + 3*h**2/2 - h + 4. What is the units digit of z(c)?
5
Let q be (550/(-100))/(1/(-2) + 0). Let x = q + 246. Let s = -138 + x. What is the units digit of s?
9
Suppose 2*w - 3*o - 7 = 0, -2*w - 3*o + 14 = o. Suppose 2*b + 11 = -5*m, -3*b + 0*m - 9 = w*m. Suppose z = 3*r + 212, b*r = 3*r. What is the units digit of z?
2
Suppose o = 5*a + 50, 2*o = -o - 3*a + 168. Suppose 56*x - 244 = o*x. What is the tens digit of x?
4
Suppose 5*u + 638 + 94 = -2*y, 4*u + 5*y + 589 = 0. Let s = u + 172. What is the units digit of s?
6
Let i be ((-2)/3)/(98/(-709569)). Suppose -12*r + 7869 = -i. What is the tens digit of r?
5
Suppose 10*w = 46 - 6. Suppose -w*a - 587 = -2035. What is the units digit of a?
2
Let q(m) = -4*m**3 + 13*m - 7. Let x(j) = j**3 + j**2 + 2*j - 1. Let s(y) = q(y) + 3*x(y). What is the tens digit of s(5)?
3
Let x(r) = -2*r - 53. Let j(u) = 1. Let o(g) = 6*j(g) - x(g). Let f(p) = -1. Let d(k) = -6*f(k) + o(k). What is the units digit of d(0)?
5
Let m = -38 - -31. Let k be m + 84 + (-6)/(-2 - -5). Let a = 20 + k. What is the units digit of a?
5
Suppose -350*g + 355*g + 1273 = -o, -1285 = 5*g - 5*o. Let m = -123 - -5. Let t = m - g. What is the units digit of t?
7
Suppose -g - 5*w = -1779, 2766 + 762 = 2*g + 4*w. Let s = g + -966. What is the hundreds digit of s?
7
Let x be (-253)/(-22) - 1*(-1)/2. Suppose 0 = -b + 11 - x. What is the units digit of (b + 7)*(-147)/(-14)?
3
Suppose s - 50 = 4*p, 5*p - 325 = -2*s - 3*s. Let u = s + -60. Suppose -3*a + 62 = -2*a + u*d, -3*d = a - 61. What is the tens digit of a?
6
Let n(q) = q**3 + 10*q**2 + 10*q + 3. Let j be n(-8). Suppose 4*o - o = -g + 27, -o = 5*g - 79. Let b = j - g. What is the units digit of b?
6
Suppose 3*t = -3*a + 691 + 437, -4*a + 4*t + 1544 = 0. Suppose -8*j + 19 = -a. Let k = -6 + j. What is the units digit of k?
4
Suppose -f - 22125 = -2*p, p - 1969 - 9095 = 2*f. What is the hundreds digit of p?
0
Let h be ((-45)/6 - -3)/((-6)/8). Let a be 3/3*(h - 7). What is the units digit of a/((-1)/15)*8/10?
2
Let x(g) = 182 - 81 + 5*g + 348. What is the tens digit of x(0)?
4
Let d be 2324/(-8)*24/(-42). Let a be -162*(-3 - 33/(-9)). Let o = d + a. What is the tens digit of o?
5
Suppose 31*p - 13*p = 558. Let l = p - -134. What is the units digit of l?
5
Suppose 1347 = 5*n - 2*j - 475, -4*j + 16 = 0. Suppose 4*t - 114 - n = 0. Let f = 41 + t. What is the hundreds digit of f?
1
Let r = 3480 + 2031. What is the tens digit of r?
1
Let r = -39 + 27. Let k be (12 + r)/(0 + 1) + 3. Suppose 3*b + k*w = 606, 4*w - 87 = 5*b - 1106. What is the units digit of b?
3
Suppose 0 = -5*r + 42 - 12. What is the hundreds digit of (r + 3 + -8)*443?
4
Let i = 1745 - 230. Let n = i - 1064. What is the units digit of n?
1
Let f = 72 - 49. Let m(c) = -c**3 + 23*c**2 + 2*c + 4. What is the units digit of m(f)?
0
Let p(u) = 55*u**2 + 903*u - 4. What is the thousands digit of p(-21)?
5
Let j(a) = a**3 + 5*a**2 + a - 3. Let v(p) be the first derivative of -p**3/3 + 11*p**2/2 + 22*p - 1. Let l be v(13). What is the units digit of j(l)?
9
Suppose 3041182 + 993082 = 104*c. What is the tens digit of c?
9
Suppose -197*n = -180*n + 748. Suppose x + x - 120 = 0. Let p = x - n. What is the tens digit of p?
0
Suppose -r = q - 6, -2*r - 48 = -4*q + 2*r. Suppose 0*g = -q*g + 711. Let s = 9 + g. What is the tens digit of s?
8
Let o(a) = -711*a + 23. Let f be o(-3). Suppose -2*b = -3*z + 3*b + f, -3*b = 3*z - 2124. What is the units digit of z?
2
Let q(u) = -43*u + 2. Let n be q(-1). Let o(b) = 24*b**2 + 0 - 2 + n*b**2. What is the units digit of o(-1)?
7
Suppose -26*s - 64108 = -5*q - 29*s, 3*s + 12 = 0. What is the thousands digit of q?
2
What is the thousands digit of (-7)/(28/(-86348)) - (2 - 5)?
1
Let g(j) = j**3 - 2*j + 365. Let w = 116 + -116. What is the tens digit of g(w)?
6
Suppose -2148 = -2*q + 5*s - 435, 2*q - 3*s - 1719 = 0. Let t = -390 + q. What is the tens digit of t?
7
Let q(p) = 77*p**2 - p - 12. Let j(v) = 244*v**2 - v - 37. Let c(a) = -6*j(a) + 19*q(a). Suppose -35 = 4*x - 11. What is the tens digit of c(x)?
3
Let m = -51 - -54. Suppose -s + 3*c + 14 = 0, m*s - 2 = 5*c - 4*c. What is the units digit of s - (-2)/2 - (-12 - 0)?
2
Let n(w) = -4*w - 4. Let r be n(-5). Suppose -r = -5*t + t. Suppose 0*i - 3*g - 280 = -5*i, 246 = t*i + 2*g. What is the units digit of i?
9
Let k be ((-36)/45)/((-1232)/615 + 2). Suppose k = b + 4*r, -3*r = b - 180 - 65. What is the tens digit of b?
4
Let j be 65 + (-3)/(-3 - -2) - -5. Let r = j - -40. What is the units digit of r?
3
What is the thousands digit of (0 + (-3078)/5)/(-19 - 7358/(-390))?
4
Let d(x) = 221*x - 179. Let u be d(5). Suppose 0 = -4*p + u - 178. What is the hundreds digit of p?
1
Let p = 4 - 2. Suppose -2*c = 3*q + 152 - 756, -p*c + 802 = 4*q. Suppose -4*l = 3*f + 73 - q, 0 = f + 5*l - 49. What is the tens digit of f?
3
Let w be 3*(-5)/20*(-2 - 2). Let v(k) = -k**3 - k**2 - k + 428. Let n be v(0). Suppose -t + n = w*t. What is the hundreds digit of t?
1
Let u = 54211 - 19193. What is the units digit of u?
8
Let t be (17 - 2)/3*1 - 2. Suppose 6 = t*n + 33. What is the tens digit of (-2)/n - (4568/(-18) + -1)?
5
Let i(x) = -x**3 - 5*x**2 + 2. Let b be i(-5). Suppose 28 - 48 = -5*c. Suppose -b*d + 177 = 2*d + 3*k, c*k = 2*d - 72. What is the tens digit of d?
4
Let n = -32870 + 49686. What is the thousands digit of n?
6
Suppose 4*k + 8 = -4*y, k - 14 = 9*y - 6*y. Suppose -784 = -3*o + 2*i + k*i, -i - 790 = -3*o. Let t = 414 - o. What is the hundreds digit of t?
1
Let i(m) = -2*m**3 - m**2 + 3*m + 4. Let j(w) = -w**3 - 7*w**2 - 8*w - 8. Let n be j(-6). Let v be i(n). What is the units digit of (-11)/(-55) - v/10?
3
Let i be 0/4 + 2 + 0. Suppose 4 + 8 = i*c. Suppose 5*f = -5*g + 630, -8*f + 253 = -c*f + g. What is the hundreds digit of f?
1
Let w(a) = 11*a + 39. Let l be w(-3). Suppose 2472 = 2*k - 4*x, 2*x = -k + l*x + 1226. What is the tens digit of k?
4
Suppose -183*w - 881836 = -3016348. What is the tens digit of w?
6
Let q(d) = 2*d - 88 + 46 + 38 + 2*d**2. Let m be q(5). Let r = m - 26. What is the units digit of r?
0
Suppose -2*r + 56 = 5*c, 2*r = -6*c + 2*c + 60. Let f = -35 + r. Suppose 5*j = -4*n + 560, 0 = -n + 6*j - f*j + 157. What is the units digit of n?
5
Let p(b) = 2*b**3 + 5*b**2 + 6*b - 5. Let q be p(-5). What is the hundreds digit of 402/4*(0 - q/15)?
0
Let p be ((-3)/2)/(2/(-4)). Suppose 5*j - 1478 = -3*i, -8*i + p*i + 5*j = -2410. What is the tens digit of i?
8
Let m be 4*2/(-28) - (-4839)/7. Let a = 1340 - m. What is the tens digit of a?
4
Let r = -4189 - -7851. What is the units digit of r?
2
Suppose 256 = 18*y + 14*y. Let i(a) = 3*a**2 - a + 34. What is the hundreds digit of i(y)?
2
Let j = -230 - -334. Let p = 129 - j. Suppose -2*l - l - 2*o = -578, -p = 5*o. What is the hundreds digit of l?
1
Suppose -2*p + 84 - 234 = -3*l, -4*p = -4*l + 200. Let a be (4 - -1)*(l + 2). Suppose -3*u + a - 71 = 0. What is the tens digit of u?
6
What is the tens digit of ((-9006)/(-8))/(43/172)?
0
Suppose -3*v = -v - 12. Suppose -1 = -v*f + 11. Suppose -f*p + 12 = 2*p. What is the units digit of p?
3
Let n = -640 + 2993. Suppose 2*j - 1455 = -5*z + n, -z + 768 = 2*j. What is the tens digit of z?
6
Let m(u) = -7*u**2 - 16*u + 18. Let a(f) = -9*f**2 - 16*f + 17. Let t(w) = -5*a(w) + 4*m(w). What is the hundreds digit of t(6)?
6
Suppose 0 = -4*y - 0*y - 12, 219 = 3*o + 2*y. Suppose -o = -5*t - 25. What is the units digit of (-226)/(-10) + 4/t?
3
Suppose -32*w + 30 = -27*w. Suppose -20*d + w*d = -3318. What is the tens digit of d?
3
Suppose -3679 = -3*d + 19133. What is the thousands digit of d?
7
What is the units digit of ((-33)/(-9) - 3) + (-1095213)/(-63)?
5
Let z = -35 + 38. Let v(s) = 6 - s - z*s + 3*s - 1. What is the tens digit of v(-7)?
1
Suppose 0 = -22*j - 294 - 146. What is the tens digit of ((1119/(-4))/(-3))/((-5)/j)?
7
Let v = -25470 + 41231. What is the tens digit of v?
6
Let l(g) = -g**3 - g - 1. Let v(t) 